2
Suppose 4*q + 12 = 24. Let x be ((-2)/(-4))/(1/6). Suppose x*a - 6 = q. What is the highest common factor of 3 and a?
3
Suppose 40 = 5*h - 30. Calculate the highest common factor of 35 and h.
7
Suppose 3*g + 5*i = 2, -8 = -3*g - 3*i + i. What is the greatest common factor of g and 4?
4
Suppose -3*h - 57 = -3*m, 2*h = 2*m - h - 43. Suppose -6*k = -1012 + 88. What is the greatest common divisor of k and m?
14
Suppose 0 = -5*t + 55 - 0. What is the highest common factor of t and 88?
11
Suppose 22*s + 3392 = 30*s. What is the greatest common divisor of s and 53?
53
Let f(c) = -c + 35. Let h be f(0). Let d = 21 + h. Let o = -2 + 9. Calculate the greatest common factor of o and d.
7
Suppose -p - p + 12 = 0. Suppose 28 = -2*q + 4*q. Let n be q - ((-1 - 2) + 2). What is the greatest common factor of p and n?
3
Let y = 4 + -4. Let k be 1 - (y - -1) - 2. Let f be ((-27)/6 - k)*-2. Calculate the greatest common factor of 25 and f.
5
Let c = 51 - 36. Let b(i) = i**3 + 5*i**2 + 3. Let d be b(-5). Suppose 3*q - q - d*r - 24 = 0, -5*q + 73 = -r. What is the highest common divisor of c and q?
15
Suppose 2*g = 5*g - 9. Calculate the highest common factor of 3 and g.
3
Suppose -4*y - 4*q + 16 = -3*y, -49 = -4*y - q. Let d be 2*-1 - 0 - -17. Let u = d + -3. Calculate the greatest common factor of u and y.
12
Suppose 4*a - 3*a - 6 = -m, 10 = -5*m + 3*a. Let l be -44*m/(-2) - -2. What is the highest common divisor of l and 12?
12
Let y = 11 + -8. Let q = -45 - -84. Let l = q - y. What is the highest common factor of 90 and l?
18
Suppose 436 = 4*m + 2*i, -m + 2*i - 30 + 149 = 0. Let p be m - (-3 + (9 - 3)). What is the greatest common factor of 12 and p?
12
Let q be (3/(-15) + -1)*-10. Calculate the highest common divisor of q and 48.
12
Let d = -10 - -16. Let i be (1 - -2)/(3/6). What is the highest common divisor of i and d?
6
Let o(u) = -u**3 - 16*u**2 - 17*u - 13. Let h be o(-15). What is the highest common divisor of 17 and h?
17
Let o(j) = -j**3 + 6*j**2 + 2*j + 20. Let z be o(6). Calculate the highest common factor of 48 and z.
16
Let w be 2 + 1 - 1*-2. Suppose -3*t + w = -1. Suppose 0 = -7*c + t*c + 500. Calculate the highest common divisor of 40 and c.
20
Suppose 18 = f - 22. Let h = 10 - 5. What is the highest common factor of h and f?
5
Let y(x) = x**3 + x**2 + x + 6. Let n be y(0). Let j be (2/(-7))/((-28)/392). Calculate the highest common factor of j and n.
2
Suppose -k + 20 = 4*k. Calculate the highest common divisor of k and 12.
4
Let v be (2/5)/(1/55). Suppose 6 = i - 49. What is the highest common factor of v and i?
11
Suppose -5*g - 126 = -g - 3*u, 4*g + 4*u = -112. Let f be g/(-4) - 14/28. What is the greatest common factor of f and 56?
7
Let q be 2/((-5)/2 + 3). Let a be 7/(-14) - (-74)/q. Calculate the highest common divisor of a and 90.
18
Suppose -3*i = -149 - 226. Suppose 3*s - i = 73. Calculate the highest common divisor of s and 6.
6
Let k = -18 - -11. Let g(y) = y + 9. Let i be g(k). Suppose 0 = i*w - 6, p + 5*w = 114. Calculate the greatest common factor of 11 and p.
11
Let g(s) = -s**2 + s + 10. Let y be g(0). Suppose 2*q + 4*i = 7*q - 549, 0 = -2*q + 3*i + 214. Let r = q - 33. What is the highest common factor of r and y?
10
Let y = -95 - -65. Let a be (y/8)/(1/(-8)). Suppose -1 - 245 = -41*w. What is the greatest common divisor of w and a?
6
Let n = -25 - -55. Suppose 0*w = w - n. Calculate the highest common factor of 6 and w.
6
Let d(i) = -i - 1. Let a be d(-5). Suppose 0 = -3*l + 2*q + 34, 0*l - l + 14 = -2*q. Suppose -l = -a*u + 18. Calculate the greatest common factor of 1 and u.
1
Let s = 5 + -12. Let w(a) = -a**3 - 7*a**2 - 2*a - 6. Let u be w(s). What is the greatest common factor of u and 4?
4
Let o be (-3)/(-3 - 0)*12. Let t = -1 + 3. Suppose t*p = p + 60. What is the greatest common factor of p and o?
12
Let o be (4 + -6)/(2/(-17)). Let f = 53 + o. Calculate the highest common divisor of f and 28.
14
Suppose -2*n - r = -15, 4*n = 3*r + 16 + 9. Suppose 5*l = 4*t + 40, 3*l - l + 3*t = -n. Calculate the highest common divisor of l and 40.
4
Let c(u) = -8*u**2 + 2 + 9*u - 10 + u**3 + 10*u**2 + 9*u**2. Let h be c(-10). Calculate the greatest common divisor of 16 and h.
2
Suppose t = -t + 132. Calculate the highest common factor of 11 and t.
11
Suppose 4*r = 0, -3*f + 4*r = -2*f - 60. Suppose 0 = -g - 3*g + f. Calculate the greatest common divisor of g and 5.
5
Let v(j) be the third derivative of -j**5/60 + 3*j**4/8 - 3*j**3/2 - 2*j**2. Let c be v(6). What is the greatest common divisor of 99 and c?
9
Let t(a) = -a + 6. Let n be t(4). Calculate the greatest common factor of 2 and n.
2
Suppose 0 = -u + v + 56, -5*u - 7*v + 3*v + 244 = 0. Suppose -20 = -w - n, 0*n = 3*w + 5*n - u. What is the highest common factor of w and 3?
3
Suppose 5*l = -2*l + 175. What is the greatest common divisor of 25 and l?
25
Let g(v) = -v**3 - 8*v**2 - 3*v - 2. Let a be g(-8). Let l = -26 - 4. Let m = 85 + l. Calculate the highest common factor of m and a.
11
Suppose 3*y + 9 - 3 = 0. Let h = y + 8. What is the greatest common divisor of h and 24?
6
Let p be 28 - 3 - (0 + -1). Suppose -t - 10 = -8. Let b be t - (3 - 54/3). Calculate the highest common divisor of p and b.
13
Let l be 84 + -2 + (-2 - -1). Let u(f) = f**3 + 4*f**2 + 0*f**3 + 0*f**2. Let v be u(-3). Calculate the highest common factor of v and l.
9
Let s = -109 - -178. What is the highest common divisor of 46 and s?
23
Suppose 0 = 3*v - 309 - 6. Suppose 3*g = 7*w - 2*w + 20, -w + 65 = 4*g. Calculate the highest common divisor of g and v.
15
Let j = 10 - -8. Suppose 16 = 2*y - t, y - 3*y + 24 = 3*t. What is the greatest common factor of y and j?
9
Let d be (-4)/(-12)*36/3. Let n(u) = 1. Let k(l) = l**2 - l + 2. Let h(a) = k(a) - 2*n(a). Let q be h(-1). What is the greatest common divisor of q and d?
2
Suppose s + 3*q - 8 = 0, 6*q - q - 40 = -3*s. Calculate the highest common divisor of 30 and s.
10
Let u be 237 - (0/(-1))/(-3). Suppose 0 = -5*x + u + 3. Calculate the highest common divisor of 6 and x.
6
Suppose 0*n = n + 5. Let s = -19 - n. Let j be 200/14 + 4/s. What is the highest common divisor of j and 14?
14
Suppose 0 = 2*x + 2*i + 8, 0 = -3*x - 5*i - 3 - 5. Let g be (-2)/2 + 8 + x. Let h be (-3 + -26 + g)/(-2). Calculate the greatest common factor of h and 56.
14
Let x = 3 + -13. Let q = -8 - x. Suppose -2*l + 16 + 2 = q*h, 4*h + l = 48. Calculate the greatest common divisor of 143 and h.
13
Let z = -31 + 74. Let x = 72 - z. Suppose 3*t - 241 = x. Calculate the highest common divisor of t and 10.
10
Let o be 3585/12 + 1/4. What is the highest common factor of 23 and o?
23
Let p = 9 + -4. Let o = p + 3. Let h(q) = 4*q**2 + q - 2. Let u be h(-2). What is the greatest common factor of u and o?
4
Suppose 9*a - 3*a - 60 = 0. What is the greatest common divisor of a and 15?
5
Suppose -5*l + 18 = -3*m, 4*m - 7 + 5 = -2*l. Suppose 3*o = 5*f + 42, 30 = -2*o + 7*o + 5*f. Calculate the greatest common divisor of l and o.
3
Suppose -3*y = 3*c - 33, -2*y - 3*c + 25 = 2. Suppose 0 = -2*v - y + 30. What is the highest common divisor of v and 40?
10
Let j be (-33 + 8)*3/(-5). Calculate the highest common divisor of 3 and j.
3
Let t(v) = 3*v**2 + v + 1. Let o be t(-2). What is the greatest common factor of 44 and o?
11
Let t be 4 + -1 + 1*2. Suppose 3*z + r = 140, -2*z = z + t*r - 124. Calculate the highest common divisor of 32 and z.
16
Suppose 5*n - 613 = 212. Suppose -3*z + n = -0*z. Calculate the greatest common factor of 11 and z.
11
Let c = -2 + 5. Let r be ((-228)/1)/((-2)/c). Let t = -238 + r. Calculate the greatest common divisor of t and 13.
13
Let p(w) = 4*w - 14. Let h be p(6). What is the greatest common divisor of h and 4?
2
Let u be 1936/10 - 2/(-5). Let h be u/7 - (-6)/21. Suppose 0 = -4*x - 8, 333 = 4*b - 2*x + 49. What is the highest common divisor of b and h?
14
Let u(y) = -y**3 + y + 3. Suppose 0 = -8*q + 3*q. Let f be u(q). Calculate the highest common factor of 24 and f.
3
Suppose 0 = -3*i - 2*i + 65. Calculate the greatest common divisor of i and 104.
13
Let l(b) = -5 + 7*b + 4 - 2*b + 2*b**2 + 3. Let o be l(-3). Suppose -3*c + 65 = -5*x + 211, 5*x = -o*c + 130. Calculate the highest common factor of 42 and x.
14
Let p be 0 - (-12 + -2 - -4). What is the highest common di